8 + l. Let o(z) = -7*z**2 + 1. Calculate o(r).
-6
Let m = -139 + 139. Suppose 4*n - 5*g + 11 = -12, m = 5*n + g + 7. Let d(f) = -f**2 + 4*f + 3. Determine d(n).
-9
Let t(d) be the second derivative of d**6/120 - d**5/30 + d**4/12 + d**3/6 - 6*d**2 - 16*d. Let r(u) be the first derivative of t(u). What is r(2)?
5
Let p(q) = -q**3 + 5*q**2 + 6*q + 4. Let z(w) = w**3 + 3*w**2 - 6*w - 4. Let f be z(-4). Suppose -f*t - t - 4*o = -46, 2*t - o = 8. What is p(t)?
4
Let h(p) = p - 8*p**3 + 0*p - p**2 + 0*p. Let r(i) = -40*i - 14. Let k be r(3). Let a = 135 + k. Give h(a).
-8
Suppose f - 12 = -3*q, f + 8*q + 23 = 12*q. Let i(l) = 6*l**2 + 20*l + 1. Give i(f).
-5
Let f(w) = 2*w + 2. Let z be 16/(-12)*(-3)/(-2). Calculate f(z).
-2
Let i(v) = v - 7. Suppose 53 = 2*k - 4*k - h, -4*h + 152 = -5*k. Let x(t) = -t**3 + 6*t**2 + 4*t - 1. Let f be x(7). Let p = f - k. Give i(p).
-1
Let f(g) be the first derivative of g**4/4 - 13*g**3/3 - 6*g**2 + 4*g - 471. Calculate f(14).
32
Let u(q) = -2*q - 4. Let n(a) = 18 + a - a + 0*a - 6*a. Let s be n(4). Calculate u(s).
8
Let o = -36 + 40. Let g(y) = o + 114*y - 230*y - 2*y**2 + 113*y. What is g(-3)?
-5
Suppose -5*a = 2*z - 12, 4*z = 2 + 2. Let g(j) = -2*j - 18. Let x(l) = -l - 9. Let q(s) = a*g(s) - 5*x(s). What is q(-9)?
0
Let g(b) = 17*b - 1. Suppose -47*a - 155 = -249. Give g(a).
33
Let l(n) = 2*n + 6. Let m(t) = -4*t - 15. Let c(i) = -5*l(i) - 2*m(i). Calculate c(-3).
6
Let g(k) = -19*k - 11. Let w(r) = 27*r + 16. Let l(d) = -7*g(d) - 5*w(d). Give l(-6).
9
Let g be (2 - -48)/(-2 - (-2 + -1)). Let a = 53 - g. Let m(s) = 8*s - 4. What is m(a)?
20
Let i(k) = 36*k**2 + 2 - 4*k**2 + 2*k - 1. Determine i(-1).
31
Let w(o) be the second derivative of o**8/3360 + o**7/2520 - o**5/120 - 5*o**4/2 + 13*o. Let l(t) be the third derivative of w(t). Calculate l(-1).
-2
Suppose -5*l = 10 + 10. Let p be 1/(-2*l/(-16)). Let j be ((-1)/2)/(p/4). Let x(q) = q**3 + q - 1. Calculate x(j).
1
Let u(l) be the first derivative of l**7/840 - l**6/72 + l**5/120 + l**4/6 - 20*l**3/3 + 3. Let i(r) be the third derivative of u(r). Calculate i(5).
9
Let z(l) = l**2 - 3*l - 7. Let u be z(7). Let d = -17 + u. Let q(p) = p**3 - 11 - 2*p - d*p**2 + 8*p**2 + 13. Determine q(-4).
10
Suppose -21*i + 2109 = 849. Let j be (i/75)/(-2 - 9/(-5)). Let w(z) = -z**3 - 4*z**2 - 3*z - 3. Give w(j).
9
Let p(y) = y**3 + 8*y**2 + 9*y + 4. Suppose 2*s - 3*m = 27 - 11, 2*s + 12 = -4*m. Suppose s*i = 4*k - 3*k - 1, -k - i - 11 = 0. Calculate p(k).
-10
Let w(f) = f**2 - 7*f - 1. Let g be 2/(-6)*(7 + 14). Let t be (-1 - (g + -1)) + (2 - 2). What is w(t)?
-1
Let y be (-4 - -3)/((-1)/6). Let j be y/9*(-12)/8. Let a(m) = 5*m**3 - m**3 + 0 + 1 + 2*m**2 + 2*m. Determine a(j).
-3
Let x(h) = h**3 + 13*h**2 - 2*h + 8. Let f(w) = -3*w**2 + w. Let k(y) = -2*f(y) - x(y). What is k(-6)?
-44
Let k(g) be the first derivative of g**4/12 - g**3/2 + 17*g**2/2 - 13. Let m(t) be the second derivative of k(t). What is m(-4)?
-11
Suppose -65 + 20 = -5*r + 4*d, 0 = d + 5. Suppose 2*v + 5 - 3 = 0, -2 = -4*x - 2*v. Let n(o) = -2 + o**3 + r - 3 - x. Calculate n(1).
0
Let k(v) = v + 2. Let n(x) = 7*x + 5. Let y(g) = -3*k(g) + n(g). Give y(-2).
-9
Let f(r) = 6*r**3 - 6*r**2 - 5*r - 3. Let s(g) be the second derivative of g**5/20 - g**2/2 + 2*g. Let m(p) = -f(p) + 5*s(p). Calculate m(6).
28
Let r(u) = u. Let w(q) = 8*q - 6. Let k(y) = 12*r(y) - w(y). Suppose -2*s - 2*d = 8 + 2, 3*d + 23 = -5*s. Determine k(s).
-10
Let g(t) = 46*t**2 - 1959*t - 1 + 1959*t. Calculate g(1).
45
Let g(t) = -t**2 - 1 + 114*t - 40*t + t**3 - 36*t - 2*t**3 - 40*t. Let k be 6/(-8) - (-1)/(-4). Determine g(k).
1
Let x(p) = -2*p + 3. Let h be 2/10 + (-4554)/495. Calculate x(h).
21
Let f(y) = y**2 + 3*y - 3. Let x = -13 + 11. Let z = 11 - x. Suppose -4*h - z + 1 = 0. Calculate f(h).
-3
Let q(s) = -11*s + 14. Let f = 1217 + -1211. Give q(f).
-52
Suppose 0 = 5*n + 9 + 36. Let r(i) = -i**3 - 9*i**2 - i - 6. Let o be r(n). Let v be -8 + -1*(o + -7). Let k(u) = 2*u - 4. What is k(v)?
-12
Let m = -47 - -37. Let k(n) = 2*n + 18. Let v be k(m). Let y(g) = g**2 + 5*g + 1. Calculate y(v).
-5
Suppose 17*u + 135 = 22*u. Let r = -22 + u. Suppose -r*v - 27 = -2. Let q(l) = -l**2 - 3*l + 6. What is q(v)?
-4
Let i(t) = t + 2. Let m(s) = -4*s - 10. Let q(r) = 16*i(r) + 3*m(r). Let u(p) = -3*p + 0*p**3 - 6 - 11*p + 15*p**2 - p**3 + 8. Let f be u(14). Determine q(f).
10
Let p(l) = -l**2 - 2*l + 0*l**2 + 0*l - 2*l. Determine p(-5).
-5
Let u(l) = -l + 5. Let d be u(0). Let r(s) = -4*s - 5. Let v(i) = 3*i + 4. Let x(o) = d*r(o) + 6*v(o). Determine x(-3).
5
Let a(y) be the second derivative of y**4/6 + 5*y**3/2 + 3*y**2/2 - 14*y - 2. Calculate a(-8).
11
Let c(i) be the first derivative of 13*i**3/3 - i**2/2 - i - 37. Give c(-1).
13
Let w = 8 + -11. Let a be (-5 - w)*-1 - 6. Let l be (-2)/a*(8 - 20). Let c(q) = q. What is c(l)?
-6
Let q(j) = 3*j**3 - 3*j**2 - 4*j - 1. Suppose -24*g = -27*g + 9. Calculate q(g).
41
Suppose 2*w + 4*w + 24 = 0. Let x be 4*w/(-32)*-8. Let b(c) = -c**3 - 2*c**2 + 5*c - 3. Calculate b(x).
9
Let f(j) = -2*j - 8. Let v = 43 - 47. What is f(v)?
0
Let w(m) = -6*m**3 + 9*m**2 + 6*m - 20. Suppose 0*y = 3*y - 33. Let l(c) = c**3 - 2*c**2 - c + 4. Let h(x) = y*l(x) + 2*w(x). What is h(-3)?
-8
Let l(i) = -62*i + 2. Let r(z) = -42*z + 2. Let a(y) = 2*l(y) - 3*r(y). Let x(w) = w**3 + 4*w**2 + w - 1. Let h be x(-3). Determine a(h).
8
Let h(l) be the first derivative of -l**4/4 - 5*l**3/3 - l**2/2 + l + 31. Suppose -i - 26 = -5*d, 6*d - 2*d = -3*i - 2. Let a = i - -1. Calculate h(a).
6
Let b(o) = 3*o - 2. Let j(y) = -12*y + 12. Let z(k) = 5*b(k) + j(k). What is z(6)?
20
Suppose 5 = -z, -2 = -g + z + 10. Let n = g + -6. Let h(r) be the first derivative of r**2 - 678. What is h(n)?
2
Let h(b) = -19*b**2 - 383*b - 175. Let m(i) = -4*i**2 - 78*i - 35. Let x(g) = -6*h(g) + 29*m(g). Determine x(19).
-3
Suppose -j + 2*l - 1 = 0, 5*j - 4 = 3*j + l. Let f(n) = -n**2 - 98 + 201 - 8*n**j + n - 102. Give f(-1).
7
Let m(r) = -r**3 + 5*r**2 - 2. Let l be (90/(-10))/((-2)/2). Suppose -l*n - 12 = -12*n. Determine m(n).
14
Let k(q) = -q**3 - q**2 - 8*q**2 - 16 + 8 + 14*q - 3*q**2 + 21. Determine k(-13).
0
Let n = 9 - 6. Let u(l) = l**3 - 6*l**2 - 2*l + 2. Let y(z) = 2*z**3 - 14*z**2 - 4*z + 4. Let i(f) = -5*u(f) + 2*y(f). Determine i(n).
-5
Let n be ((-5)/2)/(3/(-6)). Let s(x) be the first derivative of -1 + n + 5*x**2 - 1 - 6*x**2 - 5*x. Give s(-5).
5
Let h(y) be the third derivative of -5/24*y**4 - 1/3*y**3 + 0*y + 1/10*y**5 + 0 - 1/120*y**6 - 8*y**2. Suppose -5 = -4*v + 11. Determine h(v).
10
Let r(f) be the first derivative of -f**4/8 + 2*f**3/3 - 5*f**2 - 3. Let o(s) be the second derivative of r(s). Calculate o(4).
-8
Let w(x) = 15*x + 1. Let d(h) = h**3 - 4*h**2 + 5*h - 2. Let a be d(3). Suppose 0 = -2*y - 2*y + 4*l + a, 0 = 3*y - 2*l + 2. Let s = y + 3. Determine w(s).
-14
Let v be ((-20)/5)/8*4/(-2). Let j(w) = -v + 3*w - w**2 - 3*w + 5 + 4*w. What is j(4)?
4
Let q(a) be the third derivative of a**5/120 - a**4/8 + 25*a**3/6 - 10*a**2. Let b(l) be the first derivative of q(l). Give b(-4).
-7
Let h(r) = r**2 + 5*r + 7. Let a be (13 - 14)*(-9 + 1). Suppose -3*k - 2*p = -2*k - 3, 0 = -2*p + a. Determine h(k).
7
Let t(k) = 204 + 4*k - 102 - 107. What is t(6)?
19
Let v(h) = -9*h - 2. Let s(b) = -b**2 - 16*b + 24. Let o be s(-17). Suppose 0 = x + 3*u - 11, o + 4 = -2*x + 5*u. Determine v(x).
-20
Let y(z) = z**3 + z**2 - 37*z - 38. Let v be y(-6). Let p(r) = r**3 - 5*r**2 - r + 8. Calculate p(v).
-12
Let s(c) = -3*c + 24. Let q be s(7). Let w(x) = q*x**3 - 4*x**3 + 211*x - 204*x - 5*x**2. Calculate w(-6).
-6
Let f(j) = -4*j**2 + 4*j + 1. Let c(v) = -v**2. Let z(o) = 3*c(o) - f(o). Let x = 932 - 926. Calculate z(x).
11
Let y(w) = -2*w + 5. Suppose -5*j = 2*u + 39, 5*u - j = j - 25. Let g(m) = 4*m - 10. Let o(f) = u*y(f) - 4*g(f). Calculate o(5).
-5
Let g(c) = 11*c - 12. Let t(i) = -17*i + 17. Let o(v) = 7*g(v) + 5*t(v). Determine o(2).
-15
Let c(u) = -2*u - 2. Let p(o) = -o - 1. Let k(m) = -c(m) + 3*p(m). Let w be k(2). Let t(l) = 3*l**2 + 0*l**2 - l**2 + 4*l + 3. What is t(w)?
9
Let q(v) = 2*v - 1. Let l be q(-1). Let c(r) = 3*r - 8. Let m(x) = 3*x - 7. Let a(u) = l*c(u) + 4*m(u). Calculate a(-4).
-16
Let g(j) = 3*j**2 + 12*j + 20. Let i(c) = c**2 